{"id":581,"date":"2025-09-23T13:14:41","date_gmt":"2025-09-23T13:14:41","guid":{"rendered":"https:\/\/cv2go.no\/fr\/cv-template\/elegant-graphic-design-resume-template-for-creative-designers\/"},"modified":"2025-09-23T13:14:41","modified_gmt":"2025-09-23T13:14:41","slug":"modele-de-cv-elegant-pour-designer-graphique-pour-creatifs","status":"publish","type":"cv_template","link":"https:\/\/cv2go.no\/fr\/cv-template\/modele-de-cv-elegant-pour-designer-graphique-pour-creatifs\/","title":{"rendered":"Mod\u00e8le de CV Elegant pour Designer Graphique Creatifs \u2013 Compatible ATS"},"content":{"rendered":"\n<p>Le mod\u00e8le de CV \u00c9l\u00e9gant pour Designer Graphique est parfait pour les professionnels cr\u00e9atifs qui souhaitent faire impression tout en conservant un look raffin\u00e9 et soign\u00e9. Con\u00e7u avec un sens esth\u00e9tique, ce CV aide les designers graphiques, artistes visuels et directeurs cr\u00e9atifs \u00e0 pr\u00e9senter leur exp\u00e9rience professionnelle, leurs comp\u00e9tences et leurs projets de mani\u00e8re \u00e9quilibr\u00e9e entre \u00e9l\u00e9gance et cr\u00e9ativit\u00e9. Ce mod\u00e8le est id\u00e9al pour ceux qui veulent se d\u00e9marquer tout en assurant que leurs qualifications sont pr\u00e9sent\u00e9es de mani\u00e8re professionnelle et esth\u00e9tique.<\/p>\n\n\n\n<p>Le CV comprend des sections distinctes pour le r\u00e9sum\u00e9 professionnel, l&rsquo;exp\u00e9rience de travail, les comp\u00e9tences et une section d\u00e9di\u00e9e au portfolio pour mettre en valeur des projets notables. Le design \u00e9l\u00e9gant et les lignes \u00e9pur\u00e9es contribuent \u00e0 transmettre votre expertise en design, tandis que la mise en page raffin\u00e9e garde toutes les informations faciles \u00e0 naviguer. Que vous postuliez pour un poste en agence, des missions freelance ou un d\u00e9partement cr\u00e9atif en entreprise, ce mod\u00e8le vous permet de communiquer efficacement votre valeur avec style.<\/p>\n","protected":false},"excerpt":{"rendered":"<p>Parfait pour designer graphique creatifs, ce mod\u00e8le de CV elegant est enti\u00e8rement personnalisable et compatible ATS. T\u00e9l\u00e9chargez-le au format Word ou PDF pour mettre en avant vos comp\u00e9tences, votre exp\u00e9rience et votre formation.<\/p>\n","protected":false},"author":2,"featured_media":583,"menu_order":0,"template":"","format":"standard","meta":{"_acf_changed":false,"site-sidebar-layout":"default","site-content-layout":"","ast-site-content-layout":"default","site-content-style":"default","site-sidebar-style":"default","ast-global-header-display":"","ast-banner-title-visibility":"","ast-main-header-display":"","ast-hfb-above-header-display":"","ast-hfb-below-header-display":"","ast-hfb-mobile-header-display":"","site-post-title":"","ast-breadcrumbs-content":"","ast-featured-img":"","footer-sml-layout":"","ast-disable-related-posts":"","theme-transparent-header-meta":"","adv-header-id-meta":"","stick-header-meta":"","header-above-stick-meta":"","header-main-stick-meta":"","header-below-stick-meta":"","astra-migrate-meta-layouts":"set","ast-page-background-enabled":"default","ast-page-background-meta":{"desktop":{"background-color":"","background-image":"","background-repeat":"repeat","background-position":"center center","background-size":"auto","background-attachment":"scroll","background-type":"","background-media":"","overlay-type":"","overlay-color":"","overlay-opacity":"","overlay-gradient":""},"tablet":{"background-color":"","background-image":"","background-repeat":"repeat","background-position":"center center","background-size":"auto","background-attachment":"scroll","background-type":"","background-media":"","overlay-type":"","overlay-color":"","overlay-opacity":"","overlay-gradient":""},"mobile":{"background-color":"","background-image":"","background-repeat":"repeat","background-position":"center center","background-size":"auto","background-attachment":"scroll","background-type":"","background-media":"","overlay-type":"","overlay-color":"","overlay-opacity":"","overlay-gradient":""}},"ast-content-background-meta":{"desktop":{"background-color":"var(--ast-global-color-5)","background-image":"","background-repeat":"repeat","background-position":"center center","background-size":"auto","background-attachment":"scroll","background-type":"","background-media":"","overlay-type":"","overlay-color":"","overlay-opacity":"","overlay-gradient":""},"tablet":{"background-color":"var(--ast-global-color-5)","background-image":"","background-repeat":"repeat","background-position":"center center","background-size":"auto","background-attachment":"scroll","background-type":"","background-media":"","overlay-type":"","overlay-color":"","overlay-opacity":"","overlay-gradient":""},"mobile":{"background-color":"var(--ast-global-color-5)","background-image":"","background-repeat":"repeat","background-position":"center center","background-size":"auto","background-attachment":"scroll","background-type":"","background-media":"","overlay-type":"","overlay-color":"","overlay-opacity":"","overlay-gradient":""}},"footnotes":""},"categories":[],"tags":[18],"cv-type":[],"class_list":["post-581","cv_template","type-cv_template","status-publish","format-standard","has-post-thumbnail","hentry","tag-design-creative"],"acf":[],"_links":{"self":[{"href":"https:\/\/cv2go.no\/fr\/wp-json\/wp\/v2\/cv_template\/581","targetHints":{"allow":["GET"]}}],"collection":[{"href":"https:\/\/cv2go.no\/fr\/wp-json\/wp\/v2\/cv_template"}],"about":[{"href":"https:\/\/cv2go.no\/fr\/wp-json\/wp\/v2\/types\/cv_template"}],"author":[{"embeddable":true,"href":"https:\/\/cv2go.no\/fr\/wp-json\/wp\/v2\/users\/2"}],"version-history":[{"count":0,"href":"https:\/\/cv2go.no\/fr\/wp-json\/wp\/v2\/cv_template\/581\/revisions"}],"wp:featuredmedia":[{"embeddable":true,"href":"https:\/\/cv2go.no\/fr\/wp-json\/wp\/v2\/media\/583"}],"wp:attachment":[{"href":"https:\/\/cv2go.no\/fr\/wp-json\/wp\/v2\/media?parent=581"}],"wp:term":[{"taxonomy":"category","embeddable":true,"href":"https:\/\/cv2go.no\/fr\/wp-json\/wp\/v2\/categories?post=581"},{"taxonomy":"post_tag","embeddable":true,"href":"https:\/\/cv2go.no\/fr\/wp-json\/wp\/v2\/tags?post=581"},{"taxonomy":"cv-type","embeddable":true,"href":"https:\/\/cv2go.no\/fr\/wp-json\/wp\/v2\/cv-type?post=581"}],"curies":[{"name":"wp","href":"https:\/\/api.w.org\/{rel}","templated":true}]}}

Modèle de CV Elegant pour Designer Graphique Creatifs – Compatible ATS

<p>Le modèle de CV Élégant pour Designer Graphique est parfait pour les professionnels créatifs qui souhaitent faire impression tout en conservant un look raffiné et soigné. Conçu avec un sens esthétique, ce CV aide les designers graphiques, artistes visuels et directeurs créatifs à présenter leur expérience professionnelle, leurs compétences et leurs projets de manière équilibrée entre élégance et créativité. Ce modèle est idéal pour ceux qui veulent se démarquer tout en assurant que leurs qualifications sont présentées de manière professionnelle et esthétique.</p>



<p>Le CV comprend des sections distinctes pour le résumé professionnel, l&rsquo;expérience de travail, les compétences et une section dédiée au portfolio pour mettre en valeur des projets notables. Le design élégant et les lignes épurées contribuent à transmettre votre expertise en design, tandis que la mise en page raffinée garde toutes les informations faciles à naviguer. Que vous postuliez pour un poste en agence, des missions freelance ou un département créatif en entreprise, ce modèle vous permet de communiquer efficacement votre valeur avec style.</p>

<p>Parfait pour designer graphique creatifs, ce modèle de CV elegant est entièrement personnalisable et compatible ATS. Téléchargez-le au format Word ou PDF pour mettre en avant vos compétences, votre expérience et votre formation.</p>
